ivide 4473015?
False
Does 31 divide 9250524?
True
Does 451 divide 757792?
False
Does 91 divide 1820698?
False
Is 15543576 a multiple of 28?
False
Does 14 divide 581798?
True
Is 149 a factor of 194445?
True
Is 148 a factor of 2557239?
False
Is 807419 a multiple of 70?
False
Is 8151 a multiple of 39?
True
Is 11 a factor of 4542978?
True
Does 318 divide 682835?
False
Is 138 a factor of 249895?
False
Is 7950271 a multiple of 19?
False
Is 63 a factor of 665280?
True
Is 630236 a multiple of 61?
False
Does 1276 divide 2457576?
True
Does 175 divide 842975?
True
Is 339055 a multiple of 43?
True
Is 3839379 a multiple of 217?
False
Does 585 divide 299856?
False
Does 105 divide 1642725?
True
Is 208 a factor of 710944?
True
Is 933 a factor of 8885892?
True
Does 59 divide 6018302?
False
Is 6577611 a multiple of 107?
True
Does 96 divide 471602?
False
Is 211 a factor of 3793780?
True
Is 8910 a multiple of 18?
True
Is 778752 a multiple of 52?
True
Is 580944 a multiple of 14?
True
Does 255 divide 1162596?
False
Is 47 a factor of 305780?
False
Does 59 divide 1597614?
False
Does 451 divide 2167506?
True
Is 17 a factor of 3290131?
False
Does 18 divide 180378?
True
Is 640822 a multiple of 157?
False
Does 15 divide 228675?
True
Is 109 a factor of 7408059?
False
Is 83 a factor of 283279?
True
Is 1597 a factor of 6616439?
False
Does 191 divide 417327?
False
Does 88 divide 80284?
False
Is 53916 a multiple of 10?
False
Is 504655 a multiple of 11?
False
Does 148 divide 926184?
True
Does 9 divide 226467?
True
Does 184 divide 202105?
False
Is 100 a factor of 141600?
True
Does 10 divide 3513501?
False
Is 6075 a multiple of 15?
True
Does 109 divide 6696960?
True
Is 368493 a multiple of 13?
False
Is 14 a factor of 123718?
True
Is 12 a factor of 7056132?
True
Is 584 a factor of 773216?
True
Does 243 divide 3044777?
False
Is 22 a factor of 227430?
False
Is 121838 a multiple of 9?
False
Is 27 a factor of 2759599?
False
Is 3 a factor of 2583?
True
Is 6 a factor of 231626?
False
Is 176 a factor of 1142416?
True
Is 34 a factor of 633769?
False
Is 48 a factor of 1987536?
True
Does 33 divide 4912048?
False
Is 35334 a multiple of 117?
True
Is 43 a factor of 20478?
False
Does 180 divide 25759800?
True
Is 17 a factor of 10676?
True
Is 48 a factor of 33456?
True
Does 5 divide 323717?
False
Is 473 a factor of 1735437?
True
Is 84 a factor of 483084?
True
Does 23 divide 9402065?
False
Does 55 divide 165550?
True
Does 38 divide 821940?
True
Does 67 divide 932975?
True
Is 30 a factor of 86490?
True
Does 11 divide 177276?
True
Does 50 divide 199746?
False
Is 12 a factor of 17826984?
True
Is 55 a factor of 23045?
True
Is 229 a factor of 1766153?
False
Does 72 divide 892411?
False
Is 1289 a factor of 7247139?
False
Is 1803542 a multiple of 26?
True
Is 21 a factor of 1275003?
False
Does 210 divide 301693?
False
Is 1882584 a multiple of 8?
True
Does 5 divide 78542?
False
Is 5158305 a multiple of 365?
False
Does 4 divide 411200?
True
Is 45320 a multiple of 20?
True
Does 245 divide 4342135?
True
Does 871 divide 11869117?
True
Does 167 divide 247971?
False
Is 95598 a multiple of 339?
True
Is 3 a factor of 356247?
True
Does 208 divide 2621008?
True
Is 446 a factor of 313538?
True
Is 336 a factor of 574560?
True
Is 15 a factor of 585165?
True
Is 314 a factor of 7158258?
True
Does 19 divide 1761347?
False
Does 19 divide 49791?
False
Is 242 a factor of 1701986?
True
Does 3 divide 821408?
False
Is 51 a factor of 4513171?
False
Is 2507926 a multiple of 115?
False
Does 1267 divide 5902953?
True
Is 974 a factor of 89323?
False
Is 9 a factor of 949185?
True
Is 14 a factor of 1190588?
True
Is 1519 a factor of 3840032?
True
Does 5 divide 666035?
True
Does 15 divide 29293562?
False
Is 54 a factor of 41954?
False
Does 43 divide 124184?
True
Does 16 divide 31280?
True
Is 236 a factor of 5199552?
True
Is 1331652 a multiple of 84?
True
Is 71 a factor of 3329900?
True
Does 19 divide 593674?
True
Is 1828736 a multiple of 314?
True
Is 227 a factor of 991800?
False
Is 1756598 a multiple of 44?
False
Is 624 a factor of 924768?
True
Is 1936234 a multiple of 22?
False
Is 820 a factor of 1152100?
True
Is 190575 a multiple of 75?
True
Does 89 divide 4785775?
False
Is 12 a factor of 2211277?
False
Is 3392897 a multiple of 11?
False
Is 206 a factor of 3150976?
True
Does 254 divide 900553?
False
Is 156 a factor of 8948940?
True
Does 33 divide 95436?
True
Does 26 divide 133068?
True
Is 31 a factor of 9581674?
False
Is 487631 a multiple of 136?
False
Is 10270570 a multiple of 298?
True
Is 408900 a multiple of 174?
True
Is 2054018 a multiple of 37?
True
Is 51519 a multiple of 4?
False
Does 283 divide 198205?
False
Is 257178 a multiple of 51?
False
Does 2 divide 55666?
True
Is 1043910 a multiple of 9?
True
Is 47 a factor of 203841?
False
Is 5680502 a multiple of 56?
False
Does 1598 divide 10613916?
True
Does 3 divide 2707309?
False
Does 116 divide 375608?
True
Does 12 divide 84474?
False
Is 5 a factor of 48900?
True
Is 1865269 a multiple of 140?
False
Is 43 a factor of 10192004?
False
Is 49 a factor of 867293?
False
Is 15 a factor of 912243?
False
Is 27 a factor of 85374?
True
Does 410 divide 353010?
True
Is 2072613 a multiple of 6?
False
Is 4926887 a multiple of 38?
False
Is 3730244 a multiple of 56?
False
Is 263 a factor of 3593311?
False
Does 132 divide 17820?
True
Is 217449 a multiple of 22?
False
Does 318 divide 84196?
False
Is 362 a factor of 1044122?
False
Is 15829760 a multiple of 64?
True
Is 21 a factor of 286986?
True
Does 12 divide 1895270?
False
Does 1086 divide 1678270?
False
Is 2164681 a multiple of 110?
False
Does 570 divide 1472880?
True
Does 298 divide 11026?
True
Does 471 divide 324519?
True
Is 124 a factor of 240684?
True
Does 30 divide 4470?
True
Does 7 divide 84819?
True
Does 22 divide 650782?
True
Is 30 a factor of 18027510?
True
Does 13 divide 5666687?
True
Is 17 a factor of 22831?
True
Does 6 divide 194748?
True
Does 162 divide 305155?
False
Does 8 divide 19007?
False
Is 32 a factor of 128128?
True
Is 270 a multiple of 3?
True
Is 5388192 a multiple of 1059?
True
Does 777 divide 1195254?
False
Is 9729 a multiple of 41?
False
Is 12 a factor of 731604?
True
Is 1196485 a multiple of 62?
False
Is 126 a factor of 1863666?
True
Does 69 divide 1173297?
False
Is 295554 a multiple of 113?
False
Is 680684 a multiple of 51?
False
Does 925 divide 553613?
False
Is 58938 a multiple of 141?
True
Is 388024 a multiple of 182?
True
Is 1185 a factor of 2052420?
True
Is 217965 a multiple of 11?
True
Does 17 divide 85714?
True
Is 481 a factor of 203581?
False
Does 36 divide 1499741?
False
Is 909952 a multiple of 128?
True
Does 66 divide 161568?
True
Is 185 a factor of 12924302?
False
Is 22 a factor of 13952730?
True
Does 885 divide 12208271?
False
Does 33 divide 1592911?
False
Does 16 divide 197359?
False
Is 2328363 a multiple of 1708?
False
Is 1651644 a multiple of 18?
True
Does 10 divide 1967260?
True
Is 7949973 a multiple of 411?
True
Does 904 divide 4835752?
False
Is 15115380 a multiple of 34?
True
Is 173 a factor of 849635?
False
Is 56071 a multiple of 165?
False
Does 21 divide 8970578?
False
Is 27 a factor of 173368?
False
Does 23 divide 20769?
True
Is 589237 a multiple of 137?
True
Is 345 a factor of 1825395?
True
Does 175 divide 936597?
False
Does 29 divide 3344686?
True
Is 225 a factor of 5271549?
False
Does 10 divide 52871?
False
Is 423 a factor of 28100313?
True
Is 52507 even?
False
Does 5 divide 49095?
True
Is 50 a factor of 8302577?
False
Does 22 divide 471218?
True
Is 70871 a multiple of 59?
False
Is 24479 a multiple of 18?
False
Does 392 divide 1150403?
False
Does 329 divide 172677?
False
Does 5 divide 1063145?
True
Does 94 divide 191102?
True
Is 1401983 a multiple of 23?
False
Is 137379 a multiple of 8?
False
Is 46 a factor of 402290?
False
Is 852861 a multiple of 17?
False
Is 2212540 a multiple of 11?
True
Is 8 a factor of 36480?
True
Is 111 a factor of 997224?
True
Is 1067 a factor of 2099277?
False
Is 1033794 a multiple of 18?
True
Is 69 a factor of 198237?
True
Does 12 divide 1407396?
True
Does 208 divide 238368?
True
Is 181290 a multiple of 91?
False
Does 14 divide 448252?
True
Does 155 divide 5370595?
True
Is 716232 a multiple of 33?
True
Is 638 a factor of 21937532?
False
Is 237310 a multiple of 95?
Tr